ber?
True
Is 569045 composite?
True
Is 66158231 prime?
True
Is 97852009 composite?
False
Is 8901821 composite?
True
Is 1284083 a prime number?
True
Is 595113733 prime?
False
Is 198400193 a composite number?
False
Is 13505033 prime?
True
Is 11317651 composite?
False
Is 20009047 a prime number?
True
Is 11222083 a prime number?
True
Is 1222307 composite?
False
Is 380008747 composite?
False
Is 15914071 prime?
True
Is 7326053 a prime number?
False
Is 25137859 prime?
True
Is 12815639 composite?
True
Is 394618405 composite?
True
Is 63992707 composite?
False
Is 534561389 prime?
True
Is 4952242 composite?
True
Is 802346 composite?
True
Is 27412181 a composite number?
True
Is 5699321 a composite number?
True
Is 862528403 a composite number?
True
Is 60329497 a composite number?
False
Is 212638337 prime?
True
Is 601387 a prime number?
False
Is 44877253 composite?
True
Is 95895377 prime?
False
Is 29209337 a composite number?
False
Is 3904081 a composite number?
False
Is 2528221 a prime number?
True
Is 72449017 prime?
False
Is 662610971 a prime number?
False
Is 237113287 a prime number?
True
Is 72329119 composite?
True
Is 3070583 a prime number?
False
Is 6476497 a prime number?
True
Is 72566579 prime?
False
Is 240205501 prime?
True
Is 486907 a composite number?
False
Is 6745721 composite?
True
Is 206870141 prime?
True
Is 10135187 composite?
False
Is 9250229 a composite number?
False
Is 224336279 prime?
False
Is 140362869 prime?
False
Is 115341 composite?
True
Is 708007 a composite number?
False
Is 41707607 a prime number?
True
Is 3601489 a composite number?
False
Is 6660761 prime?
False
Is 47958637 composite?
False
Is 1385639 a prime number?
False
Is 637271203 a prime number?
False
Is 4177309 a prime number?
True
Is 6951683 a composite number?
True
Is 57003071 a composite number?
False
Is 9368473 a prime number?
False
Is 21671123 a composite number?
False
Is 28340309 a prime number?
False
Is 376791 a prime number?
False
Is 4804753 composite?
False
Is 225338279 a composite number?
True
Is 6539606 composite?
True
Is 1587409 prime?
False
Is 17661533 prime?
True
Is 4243861 a composite number?
False
Is 6245497 a prime number?
True
Is 3486047 composite?
True
Is 17648101 composite?
False
Is 5330359 a composite number?
False
Is 210739 composite?
False
Is 5208457 composite?
False
Is 7981201 prime?
False
Is 4067227 a prime number?
True
Is 725563 a composite number?
True
Is 15045011 composite?
True
Is 168491579 composite?
False
Is 13176321 a prime number?
False
Is 13533599 composite?
True
Is 5170199 composite?
True
Is 20485069 prime?
False
Is 76192049 composite?
False
Is 48106403 composite?
True
Is 334875182 composite?
True
Is 35750489 prime?
True
Is 119165933 prime?
True
Is 484300711 a prime number?
False
Is 9739073 a prime number?
False
Is 458113 a composite number?
True
Is 728163659 prime?
True
Is 26089117 a composite number?
True
Is 20415071 prime?
True
Is 2393389 a prime number?
True
Is 1645379 composite?
True
Is 95303333 prime?
True
Is 68565689 a prime number?
False
Is 1023797 a prime number?
False
Is 49151749 prime?
False
Is 7641871 prime?
False
Is 16133893 composite?
False
Is 3060397 a composite number?
False
Is 16653085 a prime number?
False
Is 8938399 prime?
False
Is 519031133 composite?
True
Is 164087981 a composite number?
False
Is 374471 composite?
True
Is 2573591 a prime number?
True
Is 396413 composite?
False
Is 42950447 a prime number?
True
Is 2456641 prime?
False
Is 20469151 a composite number?
False
Is 122728477 prime?
False
Is 14750833 prime?
True
Is 53873311 a prime number?
True
Is 40937399 prime?
False
Is 899429 prime?
True
Is 11652913 a prime number?
False
Is 2942087 a prime number?
False
Is 899683 composite?
True
Is 5759003 a composite number?
False
Is 1715387 composite?
False
Is 218597497 a composite number?
True
Is 10428295 composite?
True
Is 15510827 composite?
True
Is 36283333 a composite number?
False
Is 699689873 a prime number?
False
Is 2127547 a composite number?
True
Is 364415771 a composite number?
True
Is 2402317 prime?
True
Is 640422889 composite?
True
Is 61024415 a composite number?
True
Is 4548611 prime?
True
Is 229211509 composite?
False
Is 982489 a prime number?
True
Is 7437929 composite?
True
Is 24416257 a prime number?
True
Is 121639 composite?
True
Is 19153603 a prime number?
False
Is 1287859 a prime number?
False
Is 4096219 prime?
True
Is 12187411 composite?
True
Is 716551 composite?
True
Is 74136107 prime?
False
Is 6426311 prime?
True
Is 180469553 composite?
True
Is 303137 composite?
True
Is 48024563 a composite number?
False
Is 9824459 a composite number?
False
Is 2727329 prime?
False
Is 8320883 a prime number?
False
Is 446114429 composite?
True
Is 175838147 a prime number?
True
Is 5202073 prime?
True
Is 222487 a composite number?
True
Is 124089193 a composite number?
False
Is 7946663 a prime number?
True
Is 5151899 prime?
True
Is 8684191 composite?
True
Is 6556163 prime?
False
Is 205234243 a composite number?
False
Is 152557 prime?
False
Is 16579427 prime?
True
Is 4969177 a composite number?
False
Is 32148383 prime?
True
Is 352477079 a prime number?
True
Is 70892345 prime?
False
Is 563885459 a prime number?
True
Is 2756483 composite?
False
Is 16773557 a composite number?
True
Is 56640739 prime?
True
Is 140478451 prime?
True
Is 580675493 composite?
True
Is 136849649 a prime number?
True
Is 376750537 prime?
True
Is 32321857 prime?
True
Is 175259699 composite?
False
Is 18178009 prime?
True
Is 24606817 composite?
False
Is 552953 prime?
False
Is 664217 prime?
False
Is 53414863 a prime number?
False
Is 94075283 a prime number?
False
Is 39067541 a composite number?
False
Is 282907439 prime?
False
Is 41312351 a composite number?
False
Is 2030163 prime?
False
Is 137719 composite?
True
Is 30216833 a prime number?
True
Is 22161451 a prime number?
False
Is 151012639 prime?
True
Is 7943309 a composite number?
True
Is 44454559 a composite number?
False
Is 114833897 composite?
False
Is 645283 prime?
False
Is 2619347 a composite number?
False
Is 8042165 a prime number?
False
Is 46288111 a prime number?
True
Is 102743 a composite number?
True
Is 87473 prime?
True
Is 9506011 composite?
False
Is 1643587 prime?
False
Is 520274 composite?
True
Is 3494107 a composite number?
False
Is 11869699 a prime number?
False
Is 660938 composite?
True
Is 9870881 prime?
False
Is 9431647 composite?
False
Is 111845887 a composite number?
True
Is 50650901 prime?
False
Is 45722753 a composite number?
False
Is 1266659 a prime number?
False
Is 4169831 composite?
True
Is 1346699 a composite number?
True
Is 4431533 composite?
False
Is 1135381 composite?
True
Is 1955762 a composite number?
True
Is 75145373 a prime number?
True
Is 561559 a prime number?
True
Is 15108449 prime?
False
Is 11110769 a composite number?
False
Is 710929 prime?
True
Is 1644341 prime?
True
Is 477471 a composite number?
True
Is 575017 a prime number?
False
Is 51606731 a prime number?
False
Is 15137359 prime?
True
Is 39409759 prime?
True
Is 6967517 composite?
False
Is 78913509 a composite number?
True
Is 15944378 a composite number?
True
Is 11377127 composite?
False
Is 2157557 prime?
True
Is 204376277 a prime number?
False
Is 149365999 a composite number?
True
Is 10128907 composite?
False
Is 107519 a prime number?
False
Is 628601 prime?
False
Is 86604418 a prime number?
False
Is 16841899 a composite number?
False
Is 1396729 composite?
True
Is 56213221 prime?
True
Is 6825898 a prime number?
False
Is 100990787 prime?
True
Is 1737217 a composite number?
True
Is 3027901 composite?
False
Is 9097591 prime?
True
Is 519083 prime?
True
Is 16501687 a prime number?
False
Is 10730729 a composite number?
False
Is 1700513 a composite number?
False
Is 9966643 composite?
False
Is 396012241 a prime number?
False
Is 3172593 composite?
True
Is 14960249 a prime number?
True
Is 55773629 a prime number?
False
Is 5296309 a prime number?
True
Is 3790309 a prime number?
True
Is 749297 a composite number?
False
Is 493381319 prime?
True
Is 5031967 a prime number?
True
Is 515328326 composite?
True
Is 3529941 prime?
False
Is 31708205 a composite number?
True
Is 13482641 a prime number?
True
Is 267320661 a composite number?
True
Is 19391831 prime?
True
Is 25111867 prime?
False
Is 130868435 prime?
False
Is 23010259 a pr